{"id":1429,"date":"2025-02-21T16:42:51","date_gmt":"2025-02-21T19:42:51","guid":{"rendered":"https:\/\/anuario.fundacionfranciscana.org\/2024\/?page_id=1429"},"modified":"2025-03-10T16:20:57","modified_gmt":"2025-03-10T19:20:57","slug":"bienvenida","status":"publish","type":"page","link":"https:\/\/anuario.fundacionfranciscana.org\/2024\/bienvenida\/","title":{"rendered":"Bienvenida"},"content":{"rendered":"<p>[et_pb_section fb_built=&#8221;1&#8243; disabled_on=&#8221;off|off|off&#8221; _builder_version=&#8221;4.27.4&#8243; _module_preset=&#8221;default&#8221; background_color=&#8221;#337e3b&#8221; custom_margin=&#8221;||0px||false|false&#8221; custom_margin_tablet=&#8221;&#8221; custom_margin_phone=&#8221;||-1px||false|false&#8221; custom_margin_last_edited=&#8221;on|phone&#8221; custom_padding=&#8221;10px||0px||false|false&#8221; border_color_all=&#8221;RGBA(255,255,255,0)&#8221; locked=&#8221;off&#8221; global_colors_info=&#8221;{}&#8221;][et_pb_row column_structure=&#8221;1_3,1_3,1_3&#8243; custom_padding_last_edited=&#8221;on|phone&#8221; _builder_version=&#8221;4.23.4&#8243; _module_preset=&#8221;default&#8221; width=&#8221;100%&#8221; max_width=&#8221;100%&#8221; custom_margin=&#8221;0px|0px|0px|0px|false|false&#8221; custom_padding=&#8221;20px|20px|20px|20px|false|false&#8221; custom_padding_tablet=&#8221;20px|20px|20px|20px|false|false&#8221; custom_padding_phone=&#8221;20px|20px|0px|20px|false|false&#8221; locked=&#8221;off&#8221; global_colors_info=&#8221;{}&#8221;][et_pb_column type=&#8221;1_3&#8243; module_class=&#8221;trescolumnas&#8221; _builder_version=&#8221;4.17.4&#8243; _module_preset=&#8221;default&#8221; global_colors_info=&#8221;{}&#8221;][et_pb_image src=&#8221;https:\/\/anuario.fundacionfranciscana.org\/2024\/wp-content\/uploads\/2025\/02\/fundacion-franciscana.png&#8221; title_text=&#8221;fundacion-franciscana&#8221; align=&#8221;center&#8221; _builder_version=&#8221;4.27.4&#8243; _module_preset=&#8221;default&#8221; width_tablet=&#8221;&#8221; width_phone=&#8221;&#8221; width_last_edited=&#8221;on|phone&#8221; custom_padding=&#8221;||10px||false|false&#8221; global_colors_info=&#8221;{}&#8221;][\/et_pb_image][\/et_pb_column][et_pb_column type=&#8221;1_3&#8243; module_class=&#8221;trescolumnas&#8221; _builder_version=&#8221;4.17.4&#8243; _module_preset=&#8221;default&#8221; global_colors_info=&#8221;{}&#8221;][et_pb_image src=&#8221;https:\/\/anuario.fundacionfranciscana.org\/2024\/wp-content\/uploads\/2025\/02\/bot-inicio.png&#8221; title_text=&#8221;bot &#8211; inicio&#8221; url=&#8221;@ET-DC@eyJkeW5hbWljIjp0cnVlLCJjb250ZW50IjoicG9zdF9saW5rX3VybF9wYWdlIiwic2V0dGluZ3MiOnsicG9zdF9pZCI6IjE1MTkifX0=@&#8221; align=&#8221;center&#8221; _builder_version=&#8221;4.27.4&#8243; _module_preset=&#8221;default&#8221; max_width_tablet=&#8221;&#8221; max_width_phone=&#8221;90%&#8221; max_width_last_edited=&#8221;on|phone&#8221; module_alignment=&#8221;center&#8221; max_height=&#8221;65px&#8221; hover_enabled=&#8221;0&#8243; locked=&#8221;off&#8221; global_colors_info=&#8221;{}&#8221; _dynamic_attributes=&#8221;url&#8221; sticky_enabled=&#8221;0&#8243;][\/et_pb_image][\/et_pb_column][et_pb_column type=&#8221;1_3&#8243; module_class=&#8221;trescolumnas&#8221; _builder_version=&#8221;4.17.4&#8243; _module_preset=&#8221;default&#8221; global_colors_info=&#8221;{}&#8221;][et_pb_image src=&#8221;https:\/\/anuario.fundacionfranciscana.org\/2024\/wp-content\/uploads\/2025\/02\/bot-siguiente-seccion.png&#8221; title_text=&#8221;bot &#8211; siguiente seccion&#8221; url=&#8221;@ET-DC@eyJkeW5hbWljIjp0cnVlLCJjb250ZW50IjoicG9zdF9saW5rX3VybF9wYWdlIiwic2V0dGluZ3MiOnsicG9zdF9pZCI6IjEzNzkifX0=@&#8221; align=&#8221;center&#8221; _builder_version=&#8221;4.27.4&#8243; _dynamic_attributes=&#8221;url&#8221; _module_preset=&#8221;default&#8221; max_width_tablet=&#8221;&#8221; max_width_phone=&#8221;90%&#8221; max_width_last_edited=&#8221;on|phone&#8221; module_alignment=&#8221;center&#8221; max_height=&#8221;65px&#8221; locked=&#8221;off&#8221; global_colors_info=&#8221;{}&#8221;][\/et_pb_image][\/et_pb_column][\/et_pb_row][\/et_pb_section][et_pb_section fb_built=&#8221;1&#8243; disabled_on=&#8221;on|on|off&#8221; _builder_version=&#8221;4.17.4&#8243; _module_preset=&#8221;default&#8221; custom_margin=&#8221;0px||||false|false&#8221; custom_padding=&#8221;0px||||false|false&#8221; locked=&#8221;off&#8221; global_colors_info=&#8221;{}&#8221;][et_pb_row column_structure=&#8221;2_5,3_5&#8243; make_equal=&#8221;on&#8221; _builder_version=&#8221;4.27.4&#8243; _module_preset=&#8221;default&#8221; background_color=&#8221;#FFFFFF&#8221; width=&#8221;100%&#8221; max_width=&#8221;100%&#8221; custom_margin=&#8221;0px||||false|false&#8221; custom_padding=&#8221;0px|100px|||false|false&#8221; global_colors_info=&#8221;{}&#8221;][et_pb_column type=&#8221;2_5&#8243; _builder_version=&#8221;4.27.4&#8243; _module_preset=&#8221;default&#8221; background_color=&#8221;#b8d094&#8243; background_image=&#8221;https:\/\/anuario.fundacionfranciscana.org\/2024\/wp-content\/uploads\/2025\/02\/pared.png&#8221; background_size=&#8221;contain&#8221; background_repeat=&#8221;repeat&#8221; background_blend=&#8221;multiply&#8221; global_colors_info=&#8221;{}&#8221;][et_pb_image src=&#8221;https:\/\/anuario.fundacionfranciscana.org\/2024\/wp-content\/uploads\/2025\/02\/afiche-bienvenida.png&#8221; title_text=&#8221;afiche-bienvenida&#8221; show_bottom_space=&#8221;off&#8221; align=&#8221;center&#8221; _builder_version=&#8221;4.27.4&#8243; _module_preset=&#8221;default&#8221; max_width=&#8221;70%&#8221; custom_margin=&#8221;50px||||false|false&#8221; custom_padding=&#8221;||||false|false&#8221; sticky_position=&#8221;top&#8221; global_colors_info=&#8221;{}&#8221;][\/et_pb_image][\/et_pb_column][et_pb_column type=&#8221;3_5&#8243; _builder_version=&#8221;4.17.4&#8243; _module_preset=&#8221;default&#8221; background_color=&#8221;#FFFFFF&#8221; global_colors_info=&#8221;{}&#8221;][et_pb_text _builder_version=&#8221;4.27.4&#8243; _module_preset=&#8221;default&#8221; text_font=&#8221;&#8211;et_global_body_font|500|on||||||&#8221; text_text_color=&#8221;#606060&#8243; background_image=&#8221;https:\/\/anuario.fundacionfranciscana.org\/2024\/wp-content\/uploads\/2025\/02\/hoja.png&#8221; background_position=&#8221;bottom_left&#8221; text_orientation=&#8221;center&#8221; custom_margin=&#8221;70px||0px||false|false&#8221; custom_padding=&#8221;50px|60px|50px|80px|true|false&#8221; locked=&#8221;off&#8221; global_colors_info=&#8221;{}&#8221;]<\/p>\n<p>El 2024 nos invit\u00f3 a seguir creciendo. Ante las adversidades que atravesamos como pa\u00eds, desde Fundaci\u00f3n Franciscana seguimos confiando en nuestro modo de acompa\u00f1ar profesionalmente a las comunidades. Por eso es que dimos otro gran paso: <span style=\"color: #008000;\"><strong>sumamos la sede de San Juan a nuestra gran familia<\/strong><\/span>. Y, por supuesto, seguimos con todas nuestras fuerzas en Buenos Aires y en C\u00f3rdoba presentes en 4 barrios: tres en el conurbano bonaerense <span style=\"color: #008000;\"><strong>-Lomas de Maril\u00f3 (Moreno), Ej\u00e9rcito de los Andes (Tres de Febrero), La Teja (Merlo)-<\/strong><\/span> y uno en C\u00f3rdoba <span style=\"color: #008000;\"><strong>-Las Quintas (R\u00edo Cuarto)-<\/strong><\/span> caminando juntos frailes y laicos\/as como<span style=\"color: #008000;\"><strong> hace 17 a\u00f1os<\/strong><\/span>.<\/p>\n<p>Con la mirada atenta a quienes nos necesitan, <strong><span style=\"color: #008000;\">acompa\u00f1amos de manera integral desde la educaci\u00f3n, la salud y la econom\u00eda<\/span><\/strong> a las familias que participan de la fundaci\u00f3n.<\/p>\n<p>Con la certeza de que <span style=\"color: #008000;\"><strong>Francisco y Clara<\/strong><\/span> son nuestros modelos y gu\u00edas para mirar, escuchar y estar, con ternura y delicadeza, descalz\u00e1ndonos frente a nuestros hermanos y dando nuestra mano para caminar a la par.<\/p>\n<p>Un a\u00f1o m\u00e1s <strong><span style=\"color: #008000;\">nos sentimos enormemente agradecidos<\/span><\/strong> por sabernos sostenidos por tantos amigos, compa\u00f1eros de camino, donantes, voluntarios, trabajadores, familias participantes, profesionales, empresas y el Estado que confiaron en nosotros y se sumaron a la familia para hacerla crecer. <span style=\"color: #008000;\"><strong>S\u00ed, vos que estas leyendo estas palabras sos parte y responsable de la vida de la Fundaci\u00f3n Franciscana<\/strong><\/span>. Y por eso te decimos <span style=\"color: #008000;\"><strong>GRACIAS<\/strong><\/span>, con may\u00fascula, por tu confianza y apoyo. Por acompa\u00f1arnos y as\u00ed acompa\u00f1ar a m\u00e1s de <strong><span style=\"color: #008000;\">500 familias<\/span><\/strong>.<\/p>\n<p><span style=\"color: #008000;\"><strong>Gracias por tu gratuidad. Gracias por ser familia. Gracias por ser comunidad.<\/strong><\/span><\/p>\n<p>Deseamos que este 2025 nos siga encontrando, transformando e invitando a dar nuevos pasos juntos.<\/p>\n<p><img loading=\"lazy\" decoding=\"async\" src=\"https:\/\/anuario.fundacionfranciscana.org\/2024\/wp-content\/uploads\/2025\/02\/consejo.png\" width=\"400\" height=\"100\" alt=\"\" class=\"wp-image-1434 aligncenter\" \/><\/p>\n<p>[\/et_pb_text][\/et_pb_column][\/et_pb_row][\/et_pb_section][et_pb_section fb_built=&#8221;1&#8243; _builder_version=&#8221;4.17.4&#8243; _module_preset=&#8221;default&#8221; min_height=&#8221;0px&#8221; height=&#8221;0px&#8221; max_height=&#8221;0px&#8221; custom_margin=&#8221;0px|0px|0px|0px|false|false&#8221; custom_padding=&#8221;0px|0px|0px|0px|false|false&#8221; custom_css_main_element=&#8221;visibility: hidden&#8221; global_colors_info=&#8221;{}&#8221;][et_pb_row _builder_version=&#8221;4.17.4&#8243; _module_preset=&#8221;default&#8221; min_height=&#8221;0px&#8221; height=&#8221;0px&#8221; max_height=&#8221;0px&#8221; custom_margin=&#8221;0px||0px||false|false&#8221; custom_padding=&#8221;0px||0px||false|false&#8221; global_colors_info=&#8221;{}&#8221;][et_pb_column type=&#8221;4_4&#8243; _builder_version=&#8221;4.17.4&#8243; _module_preset=&#8221;default&#8221; custom_padding=&#8221;0px||0px||false|false&#8221; global_colors_info=&#8221;{}&#8221;][et_pb_code _builder_version=&#8221;4.17.4&#8243; _module_preset=&#8221;default&#8221; min_height=&#8221;0px&#8221; height=&#8221;0px&#8221; max_height=&#8221;0px&#8221; global_colors_info=&#8221;{}&#8221;] <\/p>\n<style>.trescolumnas {<!-- [et_pb_line_break_holder] -->display: inline-block; <!-- [et_pb_line_break_holder] -->max-width :33.33%;<!-- [et_pb_line_break_holder] -->} <\/style>\n<p>[\/et_pb_code][\/et_pb_column][\/et_pb_row][\/et_pb_section][et_pb_section fb_built=&#8221;1&#8243; disabled_on=&#8221;off|off|on&#8221; _builder_version=&#8221;4.27.4&#8243; _module_preset=&#8221;default&#8221; background_color=&#8221;#b8d094&#8243; background_image=&#8221;https:\/\/anuario.fundacionfranciscana.org\/2024\/wp-content\/uploads\/2025\/02\/pared.png&#8221; background_size=&#8221;contain&#8221; background_repeat=&#8221;repeat&#8221; background_blend=&#8221;multiply&#8221; z_index=&#8221;999&#8243; custom_margin=&#8221;0px||||false|false&#8221; custom_padding=&#8221;0px|0px|0px|0px|false|false&#8221; global_colors_info=&#8221;{}&#8221;][et_pb_row _builder_version=&#8221;4.17.4&#8243; _module_preset=&#8221;default&#8221; global_colors_info=&#8221;{}&#8221;][et_pb_column type=&#8221;4_4&#8243; _builder_version=&#8221;4.17.4&#8243; _module_preset=&#8221;default&#8221; custom_padding=&#8221;||||false|false&#8221; global_colors_info=&#8221;{}&#8221;][et_pb_image src=&#8221;https:\/\/anuario.fundacionfranciscana.org\/2024\/wp-content\/uploads\/2025\/02\/afiche-bienvenida.png&#8221; title_text=&#8221;afiche-bienvenida&#8221; show_bottom_space=&#8221;off&#8221; align=&#8221;center&#8221; _builder_version=&#8221;4.27.4&#8243; _module_preset=&#8221;default&#8221; max_width=&#8221;80%&#8221; custom_margin=&#8221;-20px||20px||false|false&#8221; custom_padding=&#8221;0px||||false|false&#8221; global_colors_info=&#8221;{}&#8221;][\/et_pb_image][\/et_pb_column][\/et_pb_row][\/et_pb_section][et_pb_section fb_built=&#8221;1&#8243; disabled_on=&#8221;off|off|on&#8221; _builder_version=&#8221;4.27.4&#8243; _module_preset=&#8221;default&#8221; background_color=&#8221;#337e3b&#8221; custom_margin=&#8221;||||false|false&#8221; custom_padding=&#8221;0px|20px|30px|20px|false|false&#8221; global_colors_info=&#8221;{}&#8221;][et_pb_row _builder_version=&#8221;4.27.4&#8243; _module_preset=&#8221;default&#8221; background_color=&#8221;#FFFFFF&#8221; width=&#8221;100%&#8221; custom_margin=&#8221;||||false|false&#8221; custom_padding=&#8221;10px|5px|10px|5px|true|true&#8221; global_colors_info=&#8221;{}&#8221;][et_pb_column type=&#8221;4_4&#8243; _builder_version=&#8221;4.17.4&#8243; _module_preset=&#8221;default&#8221; global_colors_info=&#8221;{}&#8221;][et_pb_text _builder_version=&#8221;4.27.4&#8243; _module_preset=&#8221;default&#8221; text_font=&#8221;&#8211;et_global_body_font|500|on||||||&#8221; text_text_color=&#8221;#606060&#8243; background_image=&#8221;https:\/\/anuario.fundacionfranciscana.org\/2024\/wp-content\/uploads\/2025\/02\/hoja-movil.png&#8221; background_size=&#8221;contain&#8221; background_position=&#8221;top_center&#8221; background_repeat=&#8221;repeat&#8221; text_orientation=&#8221;center&#8221; custom_margin=&#8221;20px|10px|0px|10px|false|false&#8221; custom_padding=&#8221;25px|10px|10px|40px|false|false&#8221; border_width_top=&#8221;1px&#8221; border_color_top=&#8221;#D6D6D6&#8243; locked=&#8221;off&#8221; global_colors_info=&#8221;{}&#8221;]<\/p>\n<p>El 2024 nos invit\u00f3 a seguir creciendo. Ante las adversidades que atravesamos como pa\u00eds, desde Fundaci\u00f3n Franciscana seguimos confiando en nuestro modo de acompa\u00f1ar profesionalmente a las comunidades. Por eso es que dimos otro gran paso: <span style=\"color: #008000;\"><strong>sumamos la sede de San Juan a nuestra gran familia<\/strong><\/span>. Y, por supuesto, seguimos con todas nuestras fuerzas en Buenos Aires y en C\u00f3rdoba presentes en 4 barrios: tres en el conurbano bonaerense <span style=\"color: #008000;\"><strong>-Lomas de Maril\u00f3 (Moreno), Ej\u00e9rcito de los Andes (Tres de Febrero), La Teja (Merlo)-<\/strong><\/span> y uno en C\u00f3rdoba <span style=\"color: #008000;\"><strong>-Las Quintas (R\u00edo Cuarto)-<\/strong><\/span> caminando juntos frailes y laicos\/as como<span style=\"color: #008000;\"><strong> hace 17 a\u00f1os<\/strong><\/span>.<\/p>\n<p>Con la mirada atenta a quienes nos necesitan, <strong><span style=\"color: #008000;\">acompa\u00f1amos de manera integral desde la educaci\u00f3n, la salud y la econom\u00eda<\/span><\/strong> a las familias que participan de la fundaci\u00f3n.<\/p>\n<p>Con la certeza de que <span style=\"color: #008000;\"><strong>Francisco y Clara<\/strong><\/span> son nuestros modelos y gu\u00edas para mirar, escuchar y estar, con ternura y delicadeza, descalz\u00e1ndonos frente a nuestros hermanos y dando nuestra mano para caminar a la par.<\/p>\n<p>Un a\u00f1o m\u00e1s <strong><span style=\"color: #008000;\">nos sentimos enormemente agradecidos<\/span><\/strong> por sabernos sostenidos por tantos amigos, compa\u00f1eros de camino, donantes, voluntarios, trabajadores, familias participantes, profesionales, empresas y el Estado que confiaron en nosotros y se sumaron a la familia para hacerla crecer. <span style=\"color: #008000;\"><strong>S\u00ed, vos que estas leyendo estas palabras sos parte y responsable de la vida de la Fundaci\u00f3n Franciscana<\/strong><\/span>. Y por eso te decimos <span style=\"color: #008000;\"><strong>GRACIAS<\/strong><\/span>, con may\u00fascula, por tu confianza y apoyo. Por acompa\u00f1arnos y as\u00ed acompa\u00f1ar a m\u00e1s de <strong><span style=\"color: #008000;\">500 familias<\/span><\/strong>.<\/p>\n<p><span style=\"color: #008000;\"><strong>Gracias por tu gratuidad. Gracias por ser familia. Gracias por ser comunidad.<\/strong><\/span><\/p>\n<p>Deseamos que este 2025 nos siga encontrando, transformando e invitando a dar nuevos pasos juntos.<\/p>\n<p>[\/et_pb_text][et_pb_image src=&#8221;https:\/\/anuario.fundacionfranciscana.org\/2024\/wp-content\/uploads\/2025\/02\/consejo-firma.png&#8221; title_text=&#8221;consejo firma&#8221; _builder_version=&#8221;4.27.4&#8243; _module_preset=&#8221;default&#8221; custom_margin=&#8221;0px|10px|0px|0px|false|false&#8221; custom_padding=&#8221;0px|0px|0px|11px|true|false&#8221; global_colors_info=&#8221;{}&#8221;][\/et_pb_image][\/et_pb_column][\/et_pb_row][\/et_pb_section][et_pb_section fb_built=&#8221;1&#8243; disabled_on=&#8221;on|on|off&#8221; _builder_version=&#8221;4.27.4&#8243; _module_preset=&#8221;default&#8221; background_color=&#8221;#337e3b&#8221; custom_margin=&#8221;||0px||false|false&#8221; custom_margin_tablet=&#8221;&#8221; custom_margin_phone=&#8221;||-1px||false|false&#8221; custom_margin_last_edited=&#8221;on|phone&#8221; custom_padding=&#8221;10px||0px|60px|false|false&#8221; border_color_all=&#8221;RGBA(255,255,255,0)&#8221; locked=&#8221;off&#8221; global_colors_info=&#8221;{}&#8221;][et_pb_row column_structure=&#8221;1_4,1_4,1_4,1_4&#8243; custom_padding_last_edited=&#8221;on|phone&#8221; _builder_version=&#8221;4.27.4&#8243; _module_preset=&#8221;default&#8221; width=&#8221;100%&#8221; max_width=&#8221;100%&#8221; custom_margin=&#8221;0px|0px|0px|0px|false|false&#8221; custom_padding=&#8221;20px|20px|20px|20px|false|false&#8221; custom_padding_tablet=&#8221;20px|20px|20px|20px|false|false&#8221; custom_padding_phone=&#8221;20px|20px|0px|20px|false|false&#8221; locked=&#8221;off&#8221; global_colors_info=&#8221;{}&#8221;][et_pb_column type=&#8221;1_4&#8243; _builder_version=&#8221;4.27.4&#8243; _module_preset=&#8221;default&#8221; global_colors_info=&#8221;{}&#8221;][\/et_pb_column][et_pb_column type=&#8221;1_4&#8243; module_class=&#8221;trescolumnas&#8221; _builder_version=&#8221;4.17.4&#8243; _module_preset=&#8221;default&#8221; global_colors_info=&#8221;{}&#8221;][et_pb_image src=&#8221;https:\/\/anuario.fundacionfranciscana.org\/2024\/wp-content\/uploads\/2025\/02\/fundacion-franciscana.png&#8221; title_text=&#8221;fundacion-franciscana&#8221; align=&#8221;center&#8221; _builder_version=&#8221;4.27.4&#8243; _module_preset=&#8221;default&#8221; width_tablet=&#8221;&#8221; width_phone=&#8221;&#8221; width_last_edited=&#8221;on|phone&#8221; custom_padding=&#8221;||10px||false|false&#8221; global_colors_info=&#8221;{}&#8221;][\/et_pb_image][\/et_pb_column][et_pb_column type=&#8221;1_4&#8243; module_class=&#8221;trescolumnas&#8221; _builder_version=&#8221;4.17.4&#8243; _module_preset=&#8221;default&#8221; global_colors_info=&#8221;{}&#8221;][et_pb_image src=&#8221;https:\/\/anuario.fundacionfranciscana.org\/2024\/wp-content\/uploads\/2025\/02\/bot-inicio.png&#8221; title_text=&#8221;bot &#8211; inicio&#8221; url=&#8221;@ET-DC@eyJkeW5hbWljIjp0cnVlLCJjb250ZW50IjoicG9zdF9saW5rX3VybF9wYWdlIiwic2V0dGluZ3MiOnsicG9zdF9pZCI6IjE1MTkifX0=@&#8221; align=&#8221;center&#8221; _builder_version=&#8221;4.27.4&#8243; _module_preset=&#8221;default&#8221; max_width_tablet=&#8221;&#8221; max_width_phone=&#8221;90%&#8221; max_width_last_edited=&#8221;on|phone&#8221; module_alignment=&#8221;center&#8221; max_height=&#8221;65px&#8221; locked=&#8221;off&#8221; global_colors_info=&#8221;{}&#8221; _dynamic_attributes=&#8221;url&#8221;][\/et_pb_image][\/et_pb_column][et_pb_column type=&#8221;1_4&#8243; module_class=&#8221;trescolumnas&#8221; _builder_version=&#8221;4.17.4&#8243; _module_preset=&#8221;default&#8221; global_colors_info=&#8221;{}&#8221;][et_pb_image src=&#8221;https:\/\/anuario.fundacionfranciscana.org\/2024\/wp-content\/uploads\/2025\/02\/bot-siguiente-seccion.png&#8221; title_text=&#8221;bot &#8211; siguiente seccion&#8221; url=&#8221;@ET-DC@eyJkeW5hbWljIjp0cnVlLCJjb250ZW50IjoicG9zdF9saW5rX3VybF9wYWdlIiwic2V0dGluZ3MiOnsicG9zdF9pZCI6IjEzNzkifX0=@&#8221; align=&#8221;center&#8221; _builder_version=&#8221;4.27.4&#8243; _dynamic_attributes=&#8221;url&#8221; _module_preset=&#8221;default&#8221; max_width_tablet=&#8221;&#8221; max_width_phone=&#8221;90%&#8221; max_width_last_edited=&#8221;on|phone&#8221; module_alignment=&#8221;center&#8221; max_height=&#8221;65px&#8221; locked=&#8221;off&#8221; global_colors_info=&#8221;{}&#8221;][\/et_pb_image][\/et_pb_column][\/et_pb_row][\/et_pb_section][et_pb_section fb_built=&#8221;1&#8243; disabled_on=&#8221;off|off|on&#8221; _builder_version=&#8221;4.27.4&#8243; _module_preset=&#8221;default&#8221; background_color=&#8221;#337e3b&#8221; custom_margin=&#8221;||0px||false|false&#8221; custom_margin_tablet=&#8221;&#8221; custom_margin_phone=&#8221;||-1px||false|false&#8221; custom_margin_last_edited=&#8221;on|phone&#8221; custom_padding=&#8221;10px||0px||false|false&#8221; border_color_all=&#8221;RGBA(255,255,255,0)&#8221; locked=&#8221;off&#8221; global_colors_info=&#8221;{}&#8221;][et_pb_row column_structure=&#8221;1_3,1_3,1_3&#8243; custom_padding_last_edited=&#8221;on|phone&#8221; _builder_version=&#8221;4.23.4&#8243; _module_preset=&#8221;default&#8221; width=&#8221;100%&#8221; max_width=&#8221;100%&#8221; custom_margin=&#8221;0px|0px|0px|0px|false|false&#8221; custom_padding=&#8221;20px|20px|20px|20px|false|false&#8221; custom_padding_tablet=&#8221;20px|20px|20px|20px|false|false&#8221; custom_padding_phone=&#8221;20px|20px|0px|20px|false|false&#8221; locked=&#8221;off&#8221; global_colors_info=&#8221;{}&#8221;][et_pb_column type=&#8221;1_3&#8243; module_class=&#8221;trescolumnas&#8221; _builder_version=&#8221;4.17.4&#8243; _module_preset=&#8221;default&#8221; global_colors_info=&#8221;{}&#8221;][et_pb_image src=&#8221;https:\/\/anuario.fundacionfranciscana.org\/2024\/wp-content\/uploads\/2025\/02\/fundacion-franciscana.png&#8221; title_text=&#8221;fundacion-franciscana&#8221; align=&#8221;center&#8221; _builder_version=&#8221;4.27.4&#8243; _module_preset=&#8221;default&#8221; width_tablet=&#8221;&#8221; width_phone=&#8221;&#8221; width_last_edited=&#8221;on|phone&#8221; custom_padding=&#8221;||10px||false|false&#8221; global_colors_info=&#8221;{}&#8221;][\/et_pb_image][\/et_pb_column][et_pb_column type=&#8221;1_3&#8243; module_class=&#8221;trescolumnas&#8221; _builder_version=&#8221;4.17.4&#8243; _module_preset=&#8221;default&#8221; global_colors_info=&#8221;{}&#8221;][et_pb_image src=&#8221;https:\/\/anuario.fundacionfranciscana.org\/2024\/wp-content\/uploads\/2025\/02\/bot-inicio.png&#8221; title_text=&#8221;bot &#8211; inicio&#8221; url=&#8221;@ET-DC@eyJkeW5hbWljIjp0cnVlLCJjb250ZW50IjoicG9zdF9saW5rX3VybF9wYWdlIiwic2V0dGluZ3MiOnsicG9zdF9pZCI6IjE1MTkifX0=@&#8221; align=&#8221;center&#8221; _builder_version=&#8221;4.27.4&#8243; _module_preset=&#8221;default&#8221; max_width_tablet=&#8221;&#8221; max_width_phone=&#8221;90%&#8221; max_width_last_edited=&#8221;on|phone&#8221; module_alignment=&#8221;center&#8221; max_height=&#8221;65px&#8221; hover_enabled=&#8221;0&#8243; locked=&#8221;off&#8221; global_colors_info=&#8221;{}&#8221; _dynamic_attributes=&#8221;url&#8221; sticky_enabled=&#8221;0&#8243;][\/et_pb_image][\/et_pb_column][et_pb_column type=&#8221;1_3&#8243; module_class=&#8221;trescolumnas&#8221; _builder_version=&#8221;4.17.4&#8243; _module_preset=&#8221;default&#8221; global_colors_info=&#8221;{}&#8221;][et_pb_image src=&#8221;https:\/\/anuario.fundacionfranciscana.org\/2024\/wp-content\/uploads\/2025\/02\/bot-siguiente-seccion.png&#8221; title_text=&#8221;bot &#8211; siguiente seccion&#8221; url=&#8221;@ET-DC@eyJkeW5hbWljIjp0cnVlLCJjb250ZW50IjoicG9zdF9saW5rX3VybF9wYWdlIiwic2V0dGluZ3MiOnsicG9zdF9pZCI6IjEzNzkifX0=@&#8221; align=&#8221;center&#8221; _builder_version=&#8221;4.27.4&#8243; _dynamic_attributes=&#8221;url&#8221; _module_preset=&#8221;default&#8221; max_width_tablet=&#8221;&#8221; max_width_phone=&#8221;90%&#8221; max_width_last_edited=&#8221;on|phone&#8221; module_alignment=&#8221;center&#8221; max_height=&#8221;65px&#8221; locked=&#8221;off&#8221; global_colors_info=&#8221;{}&#8221;][\/et_pb_image][\/et_pb_column][\/et_pb_row][\/et_pb_section]<\/p>\n","protected":false},"excerpt":{"rendered":"<p>El 2024 nos invit\u00f3 a seguir creciendo. Ante las adversidades que atravesamos como pa\u00eds, desde Fundaci\u00f3n Franciscana seguimos confiando en nuestro modo de acompa\u00f1ar profesionalmente a las comunidades. Por eso es que dimos otro gran paso: sumamos la sede de San Juan a nuestra gran familia. Y, por supuesto, seguimos con todas nuestras fuerzas en [&hellip;]<\/p>\n","protected":false},"author":1,"featured_media":0,"parent":0,"menu_order":0,"comment_status":"closed","ping_status":"closed","template":"","meta":{"_et_pb_use_builder":"on","_et_pb_old_content":"","_et_gb_content_width":"","ngg_post_thumbnail":0,"iawp_total_views":234,"footnotes":""},"class_list":["post-1429","page","type-page","status-publish","hentry"],"_links":{"self":[{"href":"https:\/\/anuario.fundacionfranciscana.org\/2024\/wp-json\/wp\/v2\/pages\/1429","targetHints":{"allow":["GET"]}}],"collection":[{"href":"https:\/\/anuario.fundacionfranciscana.org\/2024\/wp-json\/wp\/v2\/pages"}],"about":[{"href":"https:\/\/anuario.fundacionfranciscana.org\/2024\/wp-json\/wp\/v2\/types\/page"}],"author":[{"embeddable":true,"href":"https:\/\/anuario.fundacionfranciscana.org\/2024\/wp-json\/wp\/v2\/users\/1"}],"replies":[{"embeddable":true,"href":"https:\/\/anuario.fundacionfranciscana.org\/2024\/wp-json\/wp\/v2\/comments?post=1429"}],"version-history":[{"count":12,"href":"https:\/\/anuario.fundacionfranciscana.org\/2024\/wp-json\/wp\/v2\/pages\/1429\/revisions"}],"predecessor-version":[{"id":2018,"href":"https:\/\/anuario.fundacionfranciscana.org\/2024\/wp-json\/wp\/v2\/pages\/1429\/revisions\/2018"}],"wp:attachment":[{"href":"https:\/\/anuario.fundacionfranciscana.org\/2024\/wp-json\/wp\/v2\/media?parent=1429"}],"curies":[{"name":"wp","href":"https:\/\/api.w.org\/{rel}","templated":true}]}}